b + 5*w = 29, -4*b = -b + 3*w - 3. Let q be 7/b*(2 + -5 - -7). Let f(j) = j. Calculate f(q).
-7
Let r(i) = i + 8. Let k = 11 - 5. Suppose -4*b + 5 = -7. Suppose k*z = b*z. Calculate r(z).
8
Let g(j) = 4*j + 1. Let z be -9*(-1)/(-3) - -2. Give g(z).
-3
Let t(g) = -2*g - 9. Let b be t(-6). Suppose 10 = -4*l - b*s + 27, -3*s = -l - 7. Let o(p) be the third derivative of p**4/24 - p**3/2 + 2*p**2. What is o(l)?
-1
Suppose 0 = -i - 30 + 34, 2 = -5*k - 2*i. Let c(v) = -v**2 - v - 2. Calculate c(k).
-4
Let w(n) = 0 + 491*n - 2 - 2 - 492*n. Calculate w(0).
-4
Let h be 49 - (5 - 4) - (-2 - 0). Let n be (6/5)/(15/h). Let q(d) = -d**2 - 3*d + 6. What is q(n)?
-22
Let r(k) = -42*k - 45. Let u(a) = -12*a - 5. Let v(i) = -i + 1. Let b(o) = -u(o) + 4*v(o). Let g(y) = -11*b(y) - 2*r(y). Give g(-6).
15
Let x = -9 + 13. Let h(y) be the first derivative of -y**2 + y + 11. What is h(x)?
-7
Let p(l) = -l**3 + 7*l**2 - 6*l + 7. Let z(m) = -3*m + 2. Let o be z(-2). Suppose 6*k - 4 = o. Suppose 0 = -3*s + a - k*a + 17, 3*s - 14 = -4*a. Calculate p(s).
7
Let m(a) = 4*a - 2. Let h(y) = -5*y + 1. Let f(d) = 3*h(d) + 4*m(d). Let q be 1*9/(-3) - -15. Let n(w) = w**2 - 10*w - 20. Let j be n(q). Determine f(j).
-1
Let u = -2134 + 2134. Let v(r) be the third derivative of 1/12*r**4 - 10*r**2 + 1/6*r**3 + u*r + 0. Determine v(1).
3
Let w(b) be the second derivative of -5*b**3/6 + 15*b**2/2 + 4*b + 3. Let o be w(3). Let a(c) = -2*c + 4*c + 11 - c. Determine a(o).
11
Let r(q) = q**3 - 4*q**2 - 6*q + 5. Let h be r(4). Let g be 0 + 9 - (h - -15). Let z(s) = g - 4*s**2 - s + s**2 + 4*s**2 + 0*s. What is z(0)?
13
Let y(z) = z**3 - z**2 - z - 2. Let p(r) = -4*r**3 + 3*r**2 + 4*r + 7. Suppose 41 = 5*s + 16, 15 = 5*k + 5*s. Let i(t) = k*p(t) - 9*y(t). Calculate i(4).
-8
Suppose 7 = -9*h + 2*h. Let x(t) be the third derivative of -t**4/4 - t**3/6 - 2*t**2 - 26. Give x(h).
5
Let v(j) = 6*j + 150. Let a be v(-24). Let s(g) = 2 - 7*g + 0 + 7 + g**2. What is s(a)?
3
Let u be (-160)/(-36) + (-20)/45. Suppose -u*z + z = -27. Let i(n) = n**3 - 8*n**2 - 9*n. Determine i(z).
0
Let c = -61 + 67. Suppose c*o = 2*o. Let z(k) = -k**3 + k**2 - k - 5. Determine z(o).
-5
Let l = 30 - 19. Let h = -5 + l. Let c(k) = -3*k**2 + 7*k + 1. Let b(o) = -10*o**2 + 21*o + 2. Let s(j) = 2*b(j) - 7*c(j). What is s(h)?
-9
Suppose 0 = z - 3*z + 2. Let p = -115 + 117. Let h(u) = 6 + p*u - u - z + 0*u. Calculate h(4).
9
Suppose -4*b + 5*m + 1 = -7*b, m + 7 = -4*b. Let q(s) = -2*s + 3. Calculate q(b).
7
Let y = -262 + 264. Let m(h) be the second derivative of -1/3*h**3 + 1/12*h**4 - h + 0 - 5/2*h**y. What is m(4)?
3
Let w = 176 - 78. Let c = -103 + w. Let q(y) = y - 2. What is q(c)?
-7
Suppose -v + 5*f - 20 = -6*v, 4*f = 2*v - 8. Let g(u) = -2*u - 7. Let z be g(-5). Let d(o) = -o**3 + o**3 - z - o**3 - v. Give d(0).
-7
Let s(h) = -h**3. Let q(x) = -3*x**3 + x + 13*x**3 + 0*x**3. Let o(w) = -q(w) - 6*s(w). Give o(-1).
5
Suppose k + 5 = 0, -g = 3*g + 2*k - 94. Let h = 30 - g. Let l(q) = q**3 - 4*q**2 + q + 5. Calculate l(h).
9
Suppose 0 = 3*z - 2*z - 6. Let n(b) = b + 0*b**3 + 2*b**3 + 2*b**2 - z*b**3. What is n(-1)?
5
Let z(w) = -5*w - 13*w - 7*w + 24*w. Let k(d) = -d**2 + 10*d - 9. Let a(n) = k(n) + 3*z(n). Calculate a(6).
-3
Let q(p) = 2*p**2 + p + 2. Let t(m) = 2*m**2 + 2*m + 2. Let r(v) = -6*v - 8. Let i be r(-2). Let h(l) = i*t(l) - 5*q(l). Give h(2).
-4
Let r = 940 - 941. Let w(x) = 3*x**2 + 12*x + 12. Give w(r).
3
Let j(o) be the third derivative of o**4/6 - o**3/6 - 71*o**2 + o. What is j(4)?
15
Suppose -9*n = -16*n - 7. Let u(t) = -2*t**2. Calculate u(n).
-2
Let r(k) = 2*k + 15. Let i be (-2 + (-16)/12)*3. What is r(i)?
-5
Let w(p) = 3*p - 12. Let m be w(5). Let r be (-1)/(-1)*((-21)/m + -2). Let z(v) = v + 6. Calculate z(r).
-3
Let u be (2/4)/(2/16). Let f(z) be the third derivative of -1/15*z**5 + 1/8*z**4 + 0*z + 0 - 9*z**2 - 5/6*z**3 + 1/120*z**6. Give f(u).
7
Let o(w) = 2*w - 1. Let v be o(2). Suppose v*g - 25 = -19. Let y(q) = 4*q - 3. Calculate y(g).
5
Let y = -2658 + 2652. Let i(g) = g + 3. Determine i(y).
-3
Let x(c) = 1 + 10*c**2 + 4*c**2 - 18*c**2 + 5*c**2. Determine x(1).
2
Suppose 293*o = 290*o + 6. Let x(q) = 4*q. Determine x(o).
8
Suppose -w + 4 = -2*l + 16, 0 = 5*l - w - 27. Let a(f) = f**2 - 3*f - 7. Let i be a(l). Let k(z) = 4 + 6*z - 3 - 8*z**2 + z**i + 6. What is k(7)?
0
Let z = 750 + -762. Let a(g) = g**3 + 12*g**2 - 5*g - 7. Calculate a(z).
53
Let x be 8*27/36 - 10. Let h(g) = 3*g**2 - 5. Calculate h(x).
43
Let r be 14 + -7 + 9/(-1). Let l(v) = -2*v**3 - v**2 + v - 1. Give l(r).
9
Let a(n) be the first derivative of -1/6*n**4 + 0*n + 8 - 1/2*n**2 + 0*n**3 - 1/30*n**5. Let j(q) be the second derivative of a(q). Determine j(-3).
-6
Let y(z) = -z**2 + 2*z + 13. Let h be y(4). Let k(q) = q + 1. Give k(h).
6
Let n(x) be the third derivative of x**5/60 - x**4/4 - x**3/6 - 43*x**2. What is n(3)?
-10
Let r be (1 - (-6)/(-4))*8/(-4). Let c(x) be the third derivative of -x**4/24 + x**3/6 - 2*x**2. Calculate c(r).
0
Suppose -4*g + 36 = -4*u, -3*g + 51 = 2*g - 3*u. Suppose 5*a + 7 = g. Let h(q) = -a + 2 + 2 + 7*q - q**2 - 3*q. Calculate h(4).
3
Let i(j) be the second derivative of -j**3/6 - j**2 - j + 215. Give i(-3).
1
Let t be (-2*(-1)/3)/(28/147). Let q(z) be the second derivative of t*z**2 - 1/6*z**3 + 3*z + 0. Determine q(5).
2
Let k(d) be the second derivative of -2*d**2 + 0 + 1/6*d**4 + 0*d**3 - 3*d. Let m(b) = b**2 + 5*b - 3. Let h be m(-5). Calculate k(h).
14
Let y(r) = r**2 + 5*r + 1. Let p(v) = -2*v**2 - 10*v - 2. Let f(m) = -2*p(m) - 5*y(m). Let d(c) = -1 + 2*c + 0 - 3 - 3*c. Let x be d(-2). Give f(x).
5
Let f(o) = -4. Let v(i) = 3*i - 31. Let n(g) = -6*f(g) + v(g). Determine n(3).
2
Let p be 2/3 - (-17)/(-3). Suppose 0 = -5*n + 1 - 86. Let l(u) = 3*u**2 - 5*u - 17. Let v(k) = k**2 - 2*k - 6. Let b(t) = n*v(t) + 6*l(t). Give b(p).
5
Let f be 3 + 4 + -7 - 0. Suppose -5*q + 2*q + 3 = f. Let j(o) = -2*o**2 - 4*o**3 + 1 - 3*o**2 + 4*o**2. Give j(q).
-4
Let o(v) be the third derivative of -v**5/60 - v**4/6 + 2*v**3/3 - v**2. Let z(r) = -r**3 + 3*r**2 - 3*r + 2. Let a be z(2). Let c = a + -6. What is o(c)?
-8
Let b = -52 - -59. Let d(j) = -3*j**3 + 4*j**2 + 9*j. Let z(p) = -10*p**3 + 12*p**2 + 28*p + 1. Let w(s) = b*d(s) - 2*z(s). Calculate w(6).
-32
Let r(i) = 10 - 3*i - 12 + 11. What is r(5)?
-6
Let v = 1015/3 - 338. Let t(s) be the first derivative of -v*s**3 - 4 - 3*s + 7/2*s**2. Calculate t(5).
7
Let a(l) = -l**3 + l**2 + l - 2. Let m(b) = 5*b**3 - 10*b**2 + 6*b + 15. Let s(r) = -6*a(r) - m(r). What is s(-6)?
-3
Let f(z) be the third derivative of -z**4/6 - 25*z**3/6 + 361*z**2. What is f(-4)?
-9
Suppose 0 = -3*v - 11*f + 14*f, -2 = -v - f. Let t(c) = 5*c**3 - c. What is t(v)?
4
Let c(h) = -h. Let a be c(-4). Let b(s) = -s**3 - 8*s**2 + 10*s + 12. Let p be b(-9). Let x(n) = -p*n**2 - 5*n + 2*n - 5*n**2 - 1 + 9*n**2. Give x(a).
3
Let g(p) = -2*p**2 + 3*p + 2. Let y(a) = -5*a**2 + 7*a + 5. Let r(h) = 9*g(h) - 4*y(h). Let m be r(2). Let v(f) = -2*f**2 + 7*f - 5. Calculate v(m).
-9
Let f(o) = -o**3 - 8*o**2 + 2*o + 3. Let c be (16 - 15)/((-1)/8). Determine f(c).
-13
Let x(w) = w**3 + w**2 + w + 27. Let u = -925 - -925. Determine x(u).
27
Suppose 0 = -i - 55 + 55. Suppose -f + i = 3*b + 5, -b = -5*f - 9. Let v(r) = 8*r + 3. Give v(f).
-13
Suppose 0 = -4*n - 5*u - 1, -4*n = -5*u + 31. Let h(q) = q. Let r(k) = -5*k + 2. Let b(o) = n*h(o) - r(o). What is b(-7)?
-9
Let b(l) be the first derivative of l**6/360 - l**4/12 - 14*l**3/3 - 25. Let v(f) be the third derivative of b(f). Calculate v(-2).
2
Let n(o) be the second derivative of -21*o + 1/6*o**3 - 3*o**2 + 0. Give n(0).
-6
Let f(t) be the first derivative of t**3/3 + 7*t**2/2 - t - 425. Determine f(-8).
7
Suppose 0 = 2*y - 5*i - 10, -3*i = -5*y + 2*i + 10. Let a(v) = -2*v + 5. Let h be a(y). Let j(b) = -b**3 + 4*b**2 + 5*b - 6. Give j(h).
-6
Let a(t) = -t**3 + 8*t**2 - 23*t + 75. Let q be a(6). Let v(g) = -g**2 + 10*g - 3. Calculate v(q).
6
Let j(n) = -4*n**3 + 10 - 7 + 3*n**3 - 2 + 5 + n. Let q(w) = w - 6. Let t be q(6). Give j(t).
6
Suppose -k + 4 = 2*k - 4*y, 3*y = -3*k - 3. Suppose k = -5*b - 2 + 27. Let r(i) = i**2 - i - 7. What is r(b)?
13
Let k be (-1)/(-2) + (-45)/(-6) + -6. Let f(n) = k*n + 0*n + 309 - 309. Calculate f(1).
2
Let c(